{"id":939,"date":"2020-07-28T14:37:46","date_gmt":"2020-07-28T14:37:46","guid":{"rendered":"https:\/\/teatterinayttamo.fi\/?page_id=939"},"modified":"2020-08-18T15:22:05","modified_gmt":"2020-08-18T15:22:05","slug":"vortex","status":"publish","type":"page","link":"https:\/\/teatterinayttamo.fi\/?page_id=939","title":{"rendered":"Vortex"},"content":{"rendered":"<p>Saapuminen \u00e4mp\u00e4reiden t\u00e4ytt\u00e4m\u00e4lle planeetalle ei suju ilman v\u00e4rikk\u00e4it\u00e4<br \/>yll\u00e4tyksi\u00e4 ja vauhdikkaita k\u00e4\u00e4nteit\u00e4. Voiko erilaisuudesta huolimatta<br \/>pit\u00e4\u00e4 hauskaa yhdess\u00e4? Mit\u00e4 kaikkea on mahdollista tehd\u00e4 \u00e4mp\u00e4reill\u00e4?<br \/>Onko sirkus pelkk\u00e4\u00e4 v\u00e4rien kaaosta?<\/p>\n<p>Esitys on kertomus yst\u00e4vyydest\u00e4, erilaisuudesta ja luottamuksesta.<br \/>Luvassa on v\u00e4rik\u00e4s nykysirkus-toimintapaketti, josta ei puutu vauhtia ja \u00e4mp\u00e4reit\u00e4.<\/p>\n<p>Ik\u00e4suositus: 3 +<br \/>Kesto: 30 min<\/p>\n<p>Esityskonsepti ja esiintyj\u00e4t: Teemu Sk\u00f6n ja Lassi Tauriainen<br \/>Yhteisty\u00f6ss\u00e4: Turun Sirkus ja Orthex<\/p>\n<p>Taiteen edist\u00e4miskeskus on tukenut esityksen toteutusta. Kiit\u00e4mme avusta my\u00f6s: Race Horse Company, Circus Lounge ja Tiina Valve.<\/p>\n<p>Traileri:<\/p>\n<p><iframe loading=\"lazy\" title=\"Duo Color Express: Vortex - official trailer\" width=\"640\" height=\"360\" src=\"https:\/\/www.youtube.com\/embed\/zPBAYdnjM-A?feature=oembed\" frameborder=\"0\" allow=\"accelerometer; autoplay; clipboard-write; encrypted-media; gyroscope; picture-in-picture; web-share\" referrerpolicy=\"strict-origin-when-cross-origin\" allowfullscreen><\/iframe><\/p>\n\n\n<p><\/p>\n","protected":false},"excerpt":{"rendered":"<p>Saapuminen \u00e4mp\u00e4reiden t\u00e4ytt\u00e4m\u00e4lle planeetalle ei suju ilman v\u00e4rikk\u00e4it\u00e4yll\u00e4tyksi\u00e4 ja vauhdikkaita k\u00e4\u00e4nteit\u00e4. Voiko erilaisuudesta huolimattapit\u00e4\u00e4 hauskaa yhdess\u00e4? Mit\u00e4 kaikkea on mahdollista tehd\u00e4 \u00e4mp\u00e4reill\u00e4?Onko sirkus pelkk\u00e4\u00e4 v\u00e4rien kaaosta? Esitys on kertomus yst\u00e4vyydest\u00e4, [&hellip;]<\/p>\n","protected":false},"author":4,"featured_media":996,"parent":64,"menu_order":0,"comment_status":"closed","ping_status":"closed","template":"","meta":{"footnotes":""},"class_list":["post-939","page","type-page","status-publish","has-post-thumbnail","hentry"],"_links":{"self":[{"href":"https:\/\/teatterinayttamo.fi\/index.php?rest_route=\/wp\/v2\/pages\/939","targetHints":{"allow":["GET"]}}],"collection":[{"href":"https:\/\/teatterinayttamo.fi\/index.php?rest_route=\/wp\/v2\/pages"}],"about":[{"href":"https:\/\/teatterinayttamo.fi\/index.php?rest_route=\/wp\/v2\/types\/page"}],"author":[{"embeddable":true,"href":"https:\/\/teatterinayttamo.fi\/index.php?rest_route=\/wp\/v2\/users\/4"}],"replies":[{"embeddable":true,"href":"https:\/\/teatterinayttamo.fi\/index.php?rest_route=%2Fwp%2Fv2%2Fcomments&post=939"}],"version-history":[{"count":13,"href":"https:\/\/teatterinayttamo.fi\/index.php?rest_route=\/wp\/v2\/pages\/939\/revisions"}],"predecessor-version":[{"id":1051,"href":"https:\/\/teatterinayttamo.fi\/index.php?rest_route=\/wp\/v2\/pages\/939\/revisions\/1051"}],"up":[{"embeddable":true,"href":"https:\/\/teatterinayttamo.fi\/index.php?rest_route=\/wp\/v2\/pages\/64"}],"wp:featuredmedia":[{"embeddable":true,"href":"https:\/\/teatterinayttamo.fi\/index.php?rest_route=\/wp\/v2\/media\/996"}],"wp:attachment":[{"href":"https:\/\/teatterinayttamo.fi\/index.php?rest_route=%2Fwp%2Fv2%2Fmedia&parent=939"}],"curies":[{"name":"wp","href":"https:\/\/api.w.org\/{rel}","templated":true}]}}