{"id":1117,"date":"2020-09-03T13:19:22","date_gmt":"2020-09-03T13:19:22","guid":{"rendered":"https:\/\/teatterinayttamo.fi\/?page_id=1117"},"modified":"2020-11-06T12:11:01","modified_gmt":"2020-11-06T12:11:01","slug":"yksin-sateessa-festivaali","status":"publish","type":"page","link":"https:\/\/teatterinayttamo.fi\/?page_id=1117","title":{"rendered":"Yksin sateessa-Joensuun nykytanssifestivaali 26.-29.11.2020"},"content":{"rendered":"\n<h4 class=\"wp-block-heading\"><\/h4>\n\n\n\n<h4 class=\"wp-block-heading\">Ohjelma<\/h4>\n\n\n\n<p><\/p>\n\n\n\n<p>Katja Mustonen &amp; Riveria, Tanssin koulutus Outokumpu: Alter Echo<br>Torstai 26.11. klo 16:00 ja 17:00, Kauppakeskus Iso Myy<\/p>\n\n\n\n<p><strong><a href=\"https:\/\/itak.fi\/ohjelmisto\/tomi-paasonen-retrospectrum-5-solos-for-5-dacades\/\"><br><\/a><\/strong>to 26.11. esitys klo 19&nbsp;<strong>Milla Virtanen &#8211; Jaakko Toivonen: Blackpool<br>Torstai 26.11. klo 19.00, N\u00c4YTT\u00c4M\u00d6<\/strong><\/p>\n\n\n\n<figure class=\"wp-block-embed-wordpress wp-block-embed is-type-wp-embed is-provider-nayttamo\"><div class=\"wp-block-embed__wrapper\">\n<blockquote class=\"wp-embedded-content\" data-secret=\"CRwv0su2cv\"><a href=\"https:\/\/teatterinayttamo.fi\/?page_id=1151\">Blackpool<\/a><\/blockquote><iframe loading=\"lazy\" class=\"wp-embedded-content\" sandbox=\"allow-scripts\" security=\"restricted\" style=\"position: absolute; clip: rect(1px, 1px, 1px, 1px);\" title=\"&#8221;Blackpool&#8221; &#8212; N\u00c4YTT\u00c4M\u00d6\" src=\"https:\/\/teatterinayttamo.fi\/?page_id=1151&#038;embed=true#?secret=AlewWWTj6G#?secret=CRwv0su2cv\" data-secret=\"CRwv0su2cv\" width=\"600\" height=\"338\" frameborder=\"0\" marginwidth=\"0\" marginheight=\"0\" scrolling=\"no\"><\/iframe>\n<\/div><\/figure>\n\n\n\n<p><a href=\"https:\/\/itak.fi\/events\/event\/kortelainen-kortelainen-vahakallio-tauluja-ja-kehollisia-luentoja-2\/79458\"><br><\/a>Kortelainen &#8211;&nbsp;Kortelainen &#8211; V\u00e4h\u00e4kallio: Tauluja ja kehollisia luentoja<br>Perjantai 27.11. klo 19:00 ensi-ilta<br>Lauantai 28.11. klo 15:0<br>Taidekeskus Ahjo<br><strong><a href=\"https:\/\/itak.fi\/events\/event\/de-dansers-shake-shake-shake\/79460\"><br><br><\/a><\/strong>De Dansers: Shake, Shake, Shake<br>Lauantai 28.11. klo 19:00, Kulttuuritehdas Siihtala<br>&nbsp;&nbsp;<strong><a href=\"https:\/\/itak.fi\/ohjelmisto\/aurinkobaletti-ja-jojo-oulun-tanssin-keskus-todellinen-prinssi\/\"><br><br><\/a><\/strong>Aurinkobaletti &#8211; JoJo Oulun tanssin keskus: Todellinen Prinssi<br>Sunnuntai 29.11. klo 13:00, N\u00c4YTT\u00c4M\u00d6<\/p>\n\n\n\n<figure class=\"wp-block-embed-wordpress wp-block-embed is-type-wp-embed is-provider-nayttamo\"><div class=\"wp-block-embed__wrapper\">\n<blockquote class=\"wp-embedded-content\" data-secret=\"BjjsFUnvsY\"><a href=\"https:\/\/teatterinayttamo.fi\/?page_id=1099\">Todellinen prinssi<\/a><\/blockquote><iframe loading=\"lazy\" class=\"wp-embedded-content\" sandbox=\"allow-scripts\" security=\"restricted\" style=\"position: absolute; clip: rect(1px, 1px, 1px, 1px);\" title=\"&#8221;Todellinen prinssi&#8221; &#8212; N\u00c4YTT\u00c4M\u00d6\" src=\"https:\/\/teatterinayttamo.fi\/?page_id=1099&#038;embed=true#?secret=1a0vAAIqr1#?secret=BjjsFUnvsY\" data-secret=\"BjjsFUnvsY\" width=\"600\" height=\"338\" frameborder=\"0\" marginwidth=\"0\" marginheight=\"0\" scrolling=\"no\"><\/iframe>\n<\/div><\/figure>\n","protected":false},"excerpt":{"rendered":"<p>Ohjelma Katja Mustonen &amp; Riveria, Tanssin koulutus Outokumpu: Alter EchoTorstai 26.11. klo 16:00 ja 17:00, Kauppakeskus Iso Myy to 26.11. esitys klo 19&nbsp;Milla Virtanen &#8211; Jaakko Toivonen: BlackpoolTorstai 26.11. klo [&hellip;]<\/p>\n","protected":false},"author":4,"featured_media":1120,"parent":64,"menu_order":0,"comment_status":"closed","ping_status":"closed","template":"","meta":{"footnotes":""},"class_list":["post-1117","page","type-page","status-publish","has-post-thumbnail","hentry"],"_links":{"self":[{"href":"https:\/\/teatterinayttamo.fi\/index.php?rest_route=\/wp\/v2\/pages\/1117","targetHints":{"allow":["GET"]}}],"collection":[{"href":"https:\/\/teatterinayttamo.fi\/index.php?rest_route=\/wp\/v2\/pages"}],"about":[{"href":"https:\/\/teatterinayttamo.fi\/index.php?rest_route=\/wp\/v2\/types\/page"}],"author":[{"embeddable":true,"href":"https:\/\/teatterinayttamo.fi\/index.php?rest_route=\/wp\/v2\/users\/4"}],"replies":[{"embeddable":true,"href":"https:\/\/teatterinayttamo.fi\/index.php?rest_route=%2Fwp%2Fv2%2Fcomments&post=1117"}],"version-history":[{"count":8,"href":"https:\/\/teatterinayttamo.fi\/index.php?rest_route=\/wp\/v2\/pages\/1117\/revisions"}],"predecessor-version":[{"id":1166,"href":"https:\/\/teatterinayttamo.fi\/index.php?rest_route=\/wp\/v2\/pages\/1117\/revisions\/1166"}],"up":[{"embeddable":true,"href":"https:\/\/teatterinayttamo.fi\/index.php?rest_route=\/wp\/v2\/pages\/64"}],"wp:featuredmedia":[{"embeddable":true,"href":"https:\/\/teatterinayttamo.fi\/index.php?rest_route=\/wp\/v2\/media\/1120"}],"wp:attachment":[{"href":"https:\/\/teatterinayttamo.fi\/index.php?rest_route=%2Fwp%2Fv2%2Fmedia&parent=1117"}],"curies":[{"name":"wp","href":"https:\/\/api.w.org\/{rel}","templated":true}]}}