{"id":1099,"date":"2020-09-03T12:36:49","date_gmt":"2020-09-03T12:36:49","guid":{"rendered":"https:\/\/teatterinayttamo.fi\/?page_id=1099"},"modified":"2020-09-03T13:23:06","modified_gmt":"2020-09-03T13:23:06","slug":"todellinen-prinssi","status":"publish","type":"page","link":"https:\/\/teatterinayttamo.fi\/?page_id=1099","title":{"rendered":"Todellinen prinssi"},"content":{"rendered":"\n<p>Aurinkobaletti ja JoJo \u2013 Oulun Tanssin Keskus:<\/p>\n\n\n\n<p><strong>Todellinen prinssi<\/strong><\/p>\n\n\n\n<p>Todellinen prinssi on tanssiteos leikki- ja yst\u00e4vyystaidoista. Hauskassa koko perheen teoksessa etsit\u00e4\u00e4n syd\u00e4nyst\u00e4v\u00e4\u00e4, jonka kanssa jakaa iloja ja suruja \u2013 sellaisella vauhdilla, ett\u00e4 hitaammat auttamatta tippuvat k\u00e4rryilt\u00e4!&nbsp;<\/p>\n\n\n\n<p>Teos perustuu Hans Christian Andersenin tunnettuun satuun Prinsessen p\u00e5 \u00e6rten (Prinsessa ja herne). Aurinkobaletin ja JoJo \u2013 Oulun Tanssin Keskuksen uudessa tulkinnassa katsojat p\u00e4\u00e4sev\u00e4t keskelle leikkitreffej\u00e4, joissa mahdollisia kaveriehdokkaita testataan yh\u00e4 hullunkurisemmiksi k\u00e4yvill\u00e4 testeill\u00e4. Mutta ovatko odotukset uuden kaverin ulkon\u00e4\u00f6st\u00e4, k\u00e4yt\u00f6ksest\u00e4 ja \u00e4lykkyydest\u00e4 niin korkealla, ett\u00e4 kaikki kaverikandidaatit tulevat takuuvarmasti ep\u00e4onnistumaan?<\/p>\n\n\n\n<p><strong>Tekij\u00e4t<\/strong><\/p>\n\n\n\n<p>Koreografia, konsepti ja \u00e4\u00e4nisuunnittelu: Jaakko Toivonen ja Kinga L\u00e1szl\u00f3<\/p>\n\n\n\n<p>Tanssi: Aurinkobaletin tanssijat<\/p>\n\n\n\n<p>Lavastus ja kuvitus: Peetu Pasanen<\/p>\n\n\n\n<p>Pukusuunnittelu: Marjo Haapasalo<\/p>\n\n\n\n<p>Valosuunnittelu: Lauri Jeffrey<\/p>\n\n\n\n<p>Valokuvat: Jussi Virkkumaa<\/p>\n\n\n\n<p>Tuotanto: Aurinkobaletti ja JoJo \u2013 Oulun Tanssin Keskus<\/p>\n\n\n\n<p>Ensi-ilta: 2.3.2019, Manilla, Turku<\/p>\n\n\n\n<p>Ik\u00e4suositus: +4 vuotta<\/p>\n\n\n\n<p>Kesto: n. 50 min<\/p>\n","protected":false},"excerpt":{"rendered":"<p>Aurinkobaletti ja JoJo \u2013 Oulun Tanssin Keskus: Todellinen prinssi Todellinen prinssi on tanssiteos leikki- ja yst\u00e4vyystaidoista. Hauskassa koko perheen teoksessa etsit\u00e4\u00e4n syd\u00e4nyst\u00e4v\u00e4\u00e4, jonka kanssa jakaa iloja ja suruja \u2013 sellaisella [&hellip;]<\/p>\n","protected":false},"author":4,"featured_media":1100,"parent":1117,"menu_order":0,"comment_status":"closed","ping_status":"closed","template":"","meta":{"footnotes":""},"class_list":["post-1099","page","type-page","status-publish","has-post-thumbnail","hentry"],"_links":{"self":[{"href":"https:\/\/teatterinayttamo.fi\/index.php?rest_route=\/wp\/v2\/pages\/1099","targetHints":{"allow":["GET"]}}],"collection":[{"href":"https:\/\/teatterinayttamo.fi\/index.php?rest_route=\/wp\/v2\/pages"}],"about":[{"href":"https:\/\/teatterinayttamo.fi\/index.php?rest_route=\/wp\/v2\/types\/page"}],"author":[{"embeddable":true,"href":"https:\/\/teatterinayttamo.fi\/index.php?rest_route=\/wp\/v2\/users\/4"}],"replies":[{"embeddable":true,"href":"https:\/\/teatterinayttamo.fi\/index.php?rest_route=%2Fwp%2Fv2%2Fcomments&post=1099"}],"version-history":[{"count":2,"href":"https:\/\/teatterinayttamo.fi\/index.php?rest_route=\/wp\/v2\/pages\/1099\/revisions"}],"predecessor-version":[{"id":1125,"href":"https:\/\/teatterinayttamo.fi\/index.php?rest_route=\/wp\/v2\/pages\/1099\/revisions\/1125"}],"up":[{"embeddable":true,"href":"https:\/\/teatterinayttamo.fi\/index.php?rest_route=\/wp\/v2\/pages\/1117"}],"wp:featuredmedia":[{"embeddable":true,"href":"https:\/\/teatterinayttamo.fi\/index.php?rest_route=\/wp\/v2\/media\/1100"}],"wp:attachment":[{"href":"https:\/\/teatterinayttamo.fi\/index.php?rest_route=%2Fwp%2Fv2%2Fmedia&parent=1099"}],"curies":[{"name":"wp","href":"https:\/\/api.w.org\/{rel}","templated":true}]}}